= i + 36. Determine c(5).
41
Let g(t) = -4*t + 66. What is g(15)?
6
Let b(f) = -35*f**2 - 4*f - 2. Calculate b(-1).
-33
Let w(i) = -i**2 - 3*i - 6. Give w(-7).
-34
Let m(c) = -2*c - 20. Calculate m(-8).
-4
Let k(g) = -4*g. Calculate k(7).
-28
Let p(k) = 7*k**3 + k + 1. Give p(-2).
-57
Let h(a) = a**3 - 5*a**2 - 4*a + 1. What is h(4)?
-31
Let u(l) = -l**2 - 3*l + 12. Give u(5).
-28
Let q(p) = -3*p**2 - p + 15. Determine q(-5).
-55
Let d(q) = q**3 + q**2 + q. Calculate d(0).
0
Let n(a) = -2*a**2 - a + 3. Give n(0).
3
Let h(c) = 7*c - 14. Calculate h(3).
7
Let s(b) = 2*b**2 - 2. Determine s(2).
6
Let b(u) = 2*u**2 + 47*u + 29. What is b(-23)?
6
Let w(n) = 2*n**3 - 4*n + 2. Determine w(2).
10
Let s(v) = -v**3 - 5*v**2 - 7*v. Determine s(-3).
3
Let i(b) = 7*b + 13. What is i(-4)?
-15
Let z(s) = s**3 + 18*s**2 - 3*s - 31. Give z(-18).
23
Let x(i) = -12*i - 30. What is x(-4)?
18
Let q(v) = -v**2 + 15*v + 43. Give q(-4).
-33
Let y(v) = -25*v**3 - 2*v**2 - v. Determine y(-1).
24
Let q(n) = n**2 - 12*n - 22. What is q(17)?
63
Let z(i) = i**3 - 2*i**2 - 5*i + 2. Calculate z(3).
-4
Let b(s) = s**3 + 7*s**2 + 7*s. Determine b(-6).
-6
Let l(t) = -4*t + 1. Calculate l(-2).
9
Let p(l) = -119*l - 1543. Determine p(-13).
4
Let f(q) = q**2 + 7*q + 5. Give f(-3).
-7
Let v(d) = -d**3 - 18*d**2 + 17*d - 28. Determine v(-19).
10
Let a(p) = p**3 - 10*p**2 - 55*p - 9. What is a(14)?
5
Let q(k) = -k - 20. What is q(-17)?
-3
Let t(u) = -u**3 - 3*u**2 - 5*u + 5. Give t(2).
-25
Let i(k) = 4*k - 84. Determine i(17).
-16
Let p(f) = f**3 - 18*f**2 - 20*f + 13. What is p(19)?
-6
Let d(p) = -p**2 + p + 3. Give d(2).
1
Let t(b) = 8*b**2 - 2*b + 1. What is t(1)?
7
Let i(v) = v**3 + 17*v**2 + 22*v + 99. Calculate i(-16).
3
Let l(v) = v**3 + 17*v**2 - 37*v + 26. What is l(-19)?
7
Let j(b) = -b**3 - 18*b**2 - 3*b - 67. What is j(-18)?
-13
Let v(p) = p**2 + 26*p + 43. Give v(-25).
18
Let z(u) = -6*u**2 + 4*u + 2. Give z(-1).
-8
Let b(j) = 2*j**3 - 33*j**2 + 18*j - 27. Determine b(16).
5
Let b(d) = d - 15. What is b(38)?
23
Let c(u) = -2*u**2 - 3*u - 1. Calculate c(-7).
-78
Let j(d) = -2*d**2 + d - 18. Give j(4).
-46
Let s(v) = -8*v + 4. Give s(1).
-4
Let n(s) = s**2 - 2*s - 5. What is n(8)?
43
Let s(z) = z**3 - 2*z**2 - 5*z. Calculate s(-3).
-30
Let j(h) = -7*h + 38. Determine j(11).
-39
Let u(o) = -o**3 + 2*o**2 + 3*o + 13. Determine u(5).
-47
Let d(x) = 7*x + 22. Calculate d(-5).
-13
Let j(n) = -4*n**3 + 47*n**2 + 13*n - 9. Give j(12).
3
Let x(f) = -f**3 + 2*f**2 + 4*f + 4. Give x(4).
-12
Let y(s) = -s**3 - 12*s**2 + 2*s - 20. Determine y(-12).
-44
Let q(g) = -g**3 - 19*g**2 + 19*g + 12. What is q(-20)?
32
Let d(x) = 4*x - 67. Calculate d(15).
-7
Let o(j) = -179*j - 900. Determine o(-5).
-5
Let p(r) = r**3 - 18*r**2 + 18*r - 7. What is p(17)?
10
Let d(w) = 6*w + 10. Determine d(4).
34
Let n(l) = -4*l + 14. What is n(5)?
-6
Let d(x) = x**3 + 19*x**2 + 9*x - 155. Calculate d(-18).
7
Let c(v) = -v**2 - 17*v. Determine c(-13).
52
Let r(q) = -6*q - 12. Determine r(5).
-42
Let h(x) = 2*x**2 - 2*x - 7. Determine h(7).
77
Let q(u) = u**2 - 20*u + 92. Determine q(13).
1
Let g(p) = 6*p**2 - 8*p - 23. Determine g(-2).
17
Let m(n) = n**3 - 15*n**2 + 13*n + 35. Calculate m(14).
21
Let k(t) = -17*t + 1415. Determine k(84).
-13
Let i(s) = -2*s**2 + 23*s - 62. Calculate i(6).
4
Let d(y) = 12*y - 197. Determine d(20).
43
Let u(a) = a**2 - 8*a - 27. What is u(11)?
6
Let b(x) = -x**3 + 8*x**2 - 6*x + 5. Determine b(7).
12
Let l(o) = -o**2 - 7*o + 1. What is l(-8)?
-7
Let h(v) = 2*v**2 + 61*v - 125. Give h(2).
5
Let v(t) = 35*t**2 - t. What is v(1)?
34
Let j(g) = -g**2 + 4*g + 2. Give j(4).
2
Let f(d) = 6*d - 117. Calculate f(18).
-9
Let g(t) = 2*t + 7. Determine g(8).
23
Let m(b) = 2*b - 13. Give m(7).
1
Let v(u) = 2*u**2 - 2*u - 9. What is v(-8)?
135
Let d(k) = -4*k**2 + 122*k + 68. What is d(31)?
6
Let u(d) = 2*d**2 + 10*d - 17. Determine u(-10).
83
Let c(r) = r**3 + 6*r**2 - 5*r - 2. Determine c(-7).
-16
Let q(g) = -2*g**3 + 11*g**2 - 6*g + 12. Calculate q(5).
7
Let p(m) = -m**2 + 5*m + 20. Determine p(-10).
-130
Let w(a) = 22*a + 1364. What is w(-62)?
0
Let q(a) = a**3 - 3*a + 4. Determine q(3).
22
Let l(x) = -x**3 - 8*x**2 - 7*x + 3. Calculate l(-7).
3
Let j(l) = -2*l**3 - 122*l**2 - 2*l - 110. Calculate j(-61).
12
Let x(y) = 38*y + 262. Give x(-7).
-4
Let w(h) = -h**2 - h + 10. Give w(0).
10
Let y(g) = -g**3 + 9*g**2 - 4*g + 3. Calculate y(8).
35
Let g(a) = a**3 - 5*a**2 - 37*a + 171. Determine g(7).
10
Let o(h) = h**3 + 5*h**2 + 11*h - 3. What is o(-5)?
-58
Let m(b) = -12*b**3 + 2*b**2 + 4*b + 2. What is m(-2)?
98
Let t(k) = 2*k**3 - 6*k**2 + 5*k. What is t(3)?
15
Let z(c) = -3*c**2 - 3*c - 2. Determine z(-2).
-8
Let o(j) = j**2 + 11*j - 5. Give o(-13).
21
Let f(z) = -5*z - 18. What is f(-2)?
-8
Let v(x) = -x + 4. Give v(2).
2
Let b(q) = -2*q + 22. Give b(-12).
46
Let q(t) = -t**2 - 5*t + 11. Determine q(-8).
-13
Let l(s) = -3*s + 2. Give l(0).
2
Let r(g) = -g**3 - 8*g**2 + 8*g + 6. Determine r(-9).
15
Let g(y) = -8*y - 1. Determine g(1).
-9
Let b(w) = -83*w**3 + 2. What is b(-1)?
85
Let d(q) = 5*q + 7. Determine d(11).
62
Let x(h) = 3*h**2 + h + 1. What is x(-1)?
3
Let l(g) = 2*g - 8. Determine l(4).
0
Let w(o) = o**3 + 19*o**2 + 23*o + 83. Give w(-18).
-7
Let j(u) = u + 5. What is j(-12)?
-7
Let r(f) = f - 3. Give r(-10).
-13
Let c(g) = -10*g - 9. Calculate c(-4).
31
Let o(g) = g**3 - 31*g**2 - 67*g + 41. Calculate o(33).
8
Let l(v) = -v**3 + 10*v**2 + 5*v - 5. Determine l(10).
45
Let j(p) = 20*p**2 - 7*p - 10. Determine j(-2).
84
Let l(n) = -3*n + 7. What is l(-8)?
31
Let h(v) = v**3 + 7*v**2 - 9*v - 4. Give h(-8).
4
Let a(d) = -2*d + 30. Determine a(18).
-6
Let t(s) = s**3 + s**2 - 2*s + 5. Determine t(0).
5
Let x(p) = -2*p**2 - 35*p - 14. Give x(-17).
3
Let k(l) = l**3 + 3*l**2 - 4*l + 5. Give k(-4).
5
Let f(r) = -9*r - 7. Calculate f(7).
-70
Let c(r) = -r**3 - 6*r**2 + 2*r - 3. Give c(-7).
32
Let k(n) = 2*n**2 + 62*n + 31. Determine k(-32).
95
Let j(m) = m**3 + 7*m**2 - 7*m - 3. Give j(-8).
-11
Let t(d) = d**2 + 17*d + 51. Calculate t(-6).
-15
Let s(v) = -v**3 + 10*v**2 - 11*v + 4. Determine s(9).
-14
Let z(r) = r**2 - 5*r - 3. Give z(8).
21
Let j(t) = t**2 - 15*t - 105. Give j(-5).
-5
Let r(n) = -2*n**3 + 4*n**2 + n - 4. What is r(-1)?
1
Let z(r) = -r**2 + 13*r - 13. Give z(1).
-1
Let b(x) = 13*x + 3. Calculate b(2).
29
Let m(t) = t**3 - 11*t**2 - 2*t + 16. Give m(11).
-6
Let i(f) = 3*f**2 + 7*f - 6. Give i(-3).
0
Let x(f) = 9*f**2 + 2*f. Calculate x(-1).
7
Let a(u) = u**3 - 24*u**2 - u + 16. What is a(24)?
-8
Let a(s) = s + 59. What is a(-10)?
49
Let y(b) = b**2 - 9*b - 30. Calculate y(11).
-8
Let l(z) = -z**2 + 2*z + 14. Calculate l(-10).
-106
Let i(p) = -p**3 - p**2 + 2*p - 2. Determine i(2).
-10
Let q(p) = -p**2 - 7*p + 5. Give q(-6).
11
Let y(a) = a**3 - 18*a**2 + 15*a + 38. Give y(17).
4
Let q(n) = 6*n + 29. Give q(-5).
-1
Let o(v) = -27*v + 483. Determine o(18).
-3
Let b(a) = -3*a - 10. Determine b(7).
-31
Let y(r) = r**2 + 20*r + 7. Calculate y(-19).
-12
Let m(x) = -x**2 - 4*x + 37. Calculate m(-13).
-80
Let n(h) = 6*h + 23. What is n(-22)?
-109
Let b(z) = -8*z - 3. Determine b(1).
-11
Let n(d) = -d**3 - 5*d**2 + 2*d + 12. Determine n(-5).
2
Let j(v) = -v**2 - 4*v + 9. What is j(-8)?
-23
Let n(k) = -11*k**3 + k**2 + k - 1. Calculate n(1).
-10
Let n(r) = -40*r + 25. Determine n(2).
-55
Let u(c) = c**3 + 15*c**2 - 3*c - 32. What is u(-15)?
13
Let i(d) = d**2 - 45*d - 242. What is i(-5)?
8
Let t(w) = w**3 + 5*w**2 + w - 1. Determine t(-4).
11
Let a(d) = -d - 7. Give a(-12).
5
Let x(b) = -b**2 + 6*b + 11. Determine x(-2).
-5
Let f(m) = -2*m**3 + 4*m**2 + m + 9. Give f(3).
-6
Let p(k) = -k**2 - k - 5. Give p(6).
-47
Let h(r) = 11*r + 14. Determine h(-6).
-52
Let y(o) = o**3 - 2*o**2 - 11*o + 8. Calculate y(4).
-4
Let h(d) = d**2 - 6*d - 2. What is h(7)?
5
Let l(p) = -3*p**2 - 93*p + 92. What is l(-32)?
-4
Let u(s) = 37*s + 1775. Determine u(-48).
-1
Let p(v) = -v**3 - 8*v**2 - 2*v - 12. Give p(-8).
4
Let r(p) = 5*p + 20. Determine r(-3).
5
Let g(w) = -w**3 - w**2 + w - 4. Calculate g(-3).
11
Let z(o) = 6*o + 13. What is z(-5)?
-17
Let a(i) = -29*i + 47. What is a(3)?
-40
Let s(p) = -p + 11. Determine s(13).
-2
Let v(w) = -28*w + 109. Calculate v(3).
25
Let f(n) = 2*n**3 - 4*n**